s 14 divide 34400?
False
Does 24 divide 42578?
False
Is 2024 a multiple of 44?
True
Does 33 divide 23034?
True
Does 2 divide 161?
False
Does 4 divide 18130?
False
Does 21 divide 6048?
True
Is 2046 a multiple of 31?
True
Is 3382 a multiple of 12?
False
Is 26 a factor of 338?
True
Is 349 even?
False
Does 31 divide 447?
False
Does 11 divide 6689?
False
Is 34 a factor of 652?
False
Does 4 divide 173?
False
Is 85890 a multiple of 10?
True
Does 16 divide 656?
True
Does 6 divide 489?
False
Is 2678 a multiple of 50?
False
Is 7 a factor of 175?
True
Is 10 a factor of 10863?
False
Is 126 a factor of 7868?
False
Is 30 a factor of 2736?
False
Does 323 divide 108765?
False
Is 106 a factor of 9490?
False
Is 2515 a multiple of 37?
False
Is 1039 a multiple of 23?
False
Is 51 a factor of 4386?
True
Is 5 a factor of 147?
False
Is 1353 a multiple of 50?
False
Does 35 divide 131?
False
Does 86 divide 442?
False
Is 27 a factor of 24921?
True
Does 58 divide 1392?
True
Is 6479 a multiple of 19?
True
Is 945 a multiple of 105?
True
Is 7 a factor of 158?
False
Is 110 a factor of 6827?
False
Is 10559 a multiple of 96?
False
Is 11 a factor of 1532?
False
Is 6 a factor of 5169?
False
Is 49 a factor of 1029?
True
Does 123 divide 51537?
True
Does 15 divide 835?
False
Does 4 divide 538?
False
Is 1123 a multiple of 4?
False
Is 6826 a multiple of 51?
False
Is 12136 a multiple of 74?
True
Is 1556 a multiple of 29?
False
Does 35 divide 1717?
False
Is 127 a factor of 1319?
False
Is 241 a factor of 76240?
False
Is 12 a factor of 1836?
True
Is 109 a multiple of 44?
False
Does 18 divide 5508?
True
Does 20 divide 2386?
False
Is 12 a factor of 2352?
True
Does 11 divide 12705?
True
Is 404 a multiple of 7?
False
Is 15 a factor of 4024?
False
Is 14 a factor of 40?
False
Is 9 a factor of 1025?
False
Is 686 a multiple of 18?
False
Does 9 divide 7128?
True
Is 29 a factor of 445?
False
Is 1352 a multiple of 20?
False
Is 46432 a multiple of 218?
False
Does 136 divide 2087?
False
Is 975 a multiple of 20?
False
Does 8 divide 1525?
False
Does 41 divide 38868?
True
Is 36 a factor of 1044?
True
Does 17 divide 1114?
False
Is 36699 a multiple of 13?
True
Does 28 divide 1120?
True
Is 83 a factor of 6071?
False
Is 44 a multiple of 4?
True
Is 3834 a multiple of 71?
True
Does 25 divide 6600?
True
Is 8 a factor of 2848?
True
Does 16 divide 7859?
False
Does 61 divide 29012?
False
Is 44 a factor of 44?
True
Is 24537 a multiple of 4?
False
Is 2 a factor of 359?
False
Is 2 a factor of 10?
True
Is 42 a multiple of 3?
True
Is 210 a multiple of 14?
True
Is 6 a factor of 350?
False
Does 3 divide 525?
True
Does 2 divide 150?
True
Does 10 divide 606?
False
Is 75188 a multiple of 22?
False
Is 32294 a multiple of 67?
True
Is 34 a factor of 1530?
True
Is 3 a factor of 15953?
False
Is 6004 a multiple of 46?
False
Does 2 divide 26501?
False
Is 13860 a multiple of 12?
True
Is 826 a multiple of 14?
True
Does 9 divide 30?
False
Does 20 divide 100?
True
Does 109 divide 121?
False
Is 9 a factor of 258?
False
Does 21 divide 3486?
True
Does 32 divide 800?
True
Is 7 a factor of 2045?
False
Does 12 divide 480?
True
Does 22 divide 9196?
True
Is 663 a multiple of 51?
True
Is 21 a factor of 7476?
True
Is 34440 a multiple of 12?
True
Does 9 divide 7506?
True
Is 65 a multiple of 13?
True
Is 808 a multiple of 24?
False
Is 71 a factor of 1491?
True
Does 67 divide 3950?
False
Is 32634 a multiple of 18?
True
Does 17 divide 9418?
True
Does 175 divide 40075?
True
Is 19 a factor of 8455?
True
Does 18 divide 846?
True
Is 25 a factor of 650?
True
Does 121 divide 80284?
False
Does 19 divide 458?
False
Is 15 a factor of 3375?
True
Does 13 divide 1795?
False
Is 320 a multiple of 20?
True
Is 3 a factor of 1332?
True
Is 3294 a multiple of 54?
True
Does 5 divide 6853?
False
Does 34 divide 6609?
False
Is 54 a factor of 3510?
True
Does 114 divide 6472?
False
Is 3 a factor of 7661?
False
Does 41 divide 615?
True
Is 1534 a multiple of 59?
True
Is 14 a factor of 448?
True
Is 2 a factor of 172?
True
Is 506 a multiple of 19?
False
Is 14 a factor of 728?
True
Is 25436 a multiple of 2?
True
Is 6 a factor of 522?
True
Is 34472 a multiple of 12?
False
Does 96 divide 7583?
False
Is 968 a multiple of 44?
True
Does 24 divide 320?
False
Is 3699 a multiple of 178?
False
Does 4 divide 20?
True
Is 19 a factor of 2432?
True
Does 28 divide 662?
False
Is 97 a factor of 5238?
True
Is 54 a factor of 16740?
True
Is 28 a factor of 4945?
False
Is 3 a factor of 5?
False
Is 21 a factor of 2163?
True
Is 159 a factor of 8427?
True
Does 5 divide 356?
False
Is 14 a factor of 55493?
False
Does 9 divide 4527?
True
Is 17 a factor of 4505?
True
Is 60 a factor of 1080?
True
Is 112201 a multiple of 28?
False
Is 237 a factor of 16712?
False
Does 12 divide 659?
False
Is 24640 a multiple of 55?
True
Does 43 divide 3440?
True
Is 75482 a multiple of 73?
True
Is 9 a factor of 1927?
False
Does 3 divide 391?
False
Does 7 divide 1765?
False
Is 2356 even?
True
Is 10 a factor of 1538?
False
Is 23634 a multiple of 26?
True
Does 50 divide 13850?
True
Is 35 a factor of 3320?
False
Is 40869 a multiple of 252?
False
Is 71 a factor of 142?
True
Is 224 a factor of 9279?
False
Is 5217 a multiple of 111?
True
Does 62 divide 962?
False
Is 8102 a multiple of 91?
False
Does 32 divide 17062?
False
Does 15 divide 795?
True
Does 4 divide 428?
True
Is 912 a multiple of 9?
False
Is 576 a multiple of 18?
True
Is 50 a factor of 379?
False
Is 15720 a multiple of 24?
True
Is 5 a factor of 310?
True
Is 585 a multiple of 39?
True
Does 117 divide 16728?
False
Does 33 divide 462?
True
Is 579 a multiple of 2?
False
Is 5 a factor of 44?
False
Does 64 divide 9728?
True
Is 91 a factor of 1053?
False
Is 1081 a multiple of 12?
False
Does 4 divide 10817?
False
Is 2943 a multiple of 14?
False
Is 228 a factor of 14877?
False
Is 1562 a multiple of 8?
False
Is 1164 a multiple of 7?
False
Does 16 divide 59924?
False
Is 18 a factor of 1794?
False
Is 20 a factor of 340?
True
Is 11 a factor of 627?
True
Does 6 divide 8?
False
Is 24 a factor of 1584?
True
Is 15463 a multiple of 18?
False
Does 2 divide 169?
False
Is 34 a multiple of 4?
False
Does 6 divide 4354?
False
Does 49 divide 4312?
True
Is 22 a factor of 177?
False
Does 10 divide 922?
False
Is 55 a factor of 32890?
True
Does 16 divide 1056?
True
Does 43 divide 29873?
False
Is 1278 a multiple of 71?
True
Is 20 a factor of 1620?
True
Is 6 a factor of 504?
True
Does 27 divide 27559?
False
Is 3640 even?
True
Does 29 divide 453?
False
Is 8 a factor of 515?
False
Does 14 divide 8254?
False
Is 1334 a multiple of 62?
False
Is 4005 a multiple of 12?
False
Is 12 a factor of 66?
False
Does 50 divide 2600?
True
Does 15 divide 12915?
True
Is 32 a factor of 1376?
True
Does 23 divide 138650?
False
Is 8482 a multiple of 2?
True
Does 27 divide 2997?
True
Does 5 divide 1555?
True
Is 11168 a multiple of 32?
True
Is 27 a factor of 20969?
False
Is 2 a factor of 272?
True
Is 235 a multiple of 47?
True
Is 1880 a multiple of 20?
True
Is 11 a factor of 3246?
False
Is 1608 a multiple of 24?
True
Does 18 divide 211?
False
Is 40 a factor of 892?
False
Does 48 divide 9168?
True
Does 170 divide 11390?
True
Is 26408 a multiple of 19?
False
Does 102 divide 714?
True
Does 37 divide 518?
True
Is 15 a factor of 150709?
False
Is 1804 a multiple of 22?
True
Does 18 divide 90288?
True
Does 10 divide 3058?
False
Does 13 divide 65?
True
Does 55 divide 27830?
True
Is 42 a factor of 915?
False
Does 20 divide 36633?
False
Does 11 divide 14271?
False
Does 44 divide 16754?
False
Does 65 divide 2143?
False
Is 111 a factor of 3996?
True
Is 18 a multiple of 18?
True
Is 10 a factor of 2850?
True
Is 3590 a multiple of 11?
False
Is 105248 a multiple of 253?
True
Is 3116 a multiple of 25?
False
Is 87 a multiple of 10?
False
Does 23 divide 22471?
True
Does 43 divide 83945?
False
Is 2296 a multiple of 28?
True
Is 238 a multiple of 34?
True
Is 4496 a multiple of 16?
True
Is 95 a factor of 5977?
False
Is 208 a multiple of 26?
True
Does 86 divide 1704?
False
Does 45 divide 585?
True
Is 28 a factor of 1204?
True
Is 333 a factor of 22822?
False
Is 594 a multiple of 27?
True
Is 60 a factor of 50124?
False
Is 27027 a multiple of 99?
True
Is 30 a factor of 1710?
True
Does 89 divide 7832?
True
Does 13 divide 923?
True
Does 15 divide 30?
